ase 13, what is -12c - 1452?
-1581
In base 14, what is 15d04 - -1?
15d05
In base 4, what is 1113102101 - -10?
1113102111
In base 4, what is -210 + 233203?
232333
In base 15, what is 10d8 - -2a?
1113
In base 7, what is 62 + 42234?
42326
In base 15, what is -9aed1 - -a?
-9aec6
In base 5, what is 20 + -14340?
-14320
In base 7, what is 102 - 440?
-335
In base 11, what is -9 + 1540?
1532
In base 13, what is -4 - -953?
94c
In base 4, what is 20110 + 2100322?
2121032
In base 4, what is 222 - 20002?
-13120
In base 8, what is -4 - -2615?
2611
In base 9, what is -12827 - 32?
-12860
In base 2, what is 10 - 1101100011111100111?
-1101100011111100101
In base 12, what is 275617 - 5?
275612
In base 3, what is -2 + 102012201?
102012122
In base 10, what is 723 - 113?
610
In base 5, what is -311420242 + 0?
-311420242
In base 2, what is -101 - -1101010010?
1101001101
In base 5, what is -30034 + -2420?
-33004
In base 14, what is -1 + a60d?
a60c
In base 16, what is 89 + 7d?
106
In base 11, what is 6 - 88a6?
-88a0
In base 11, what is 7086 + -1?
7085
In base 9, what is 258 - -258?
527
In base 5, what is -424031 + 2?
-424024
In base 10, what is 34 - 1122?
-1088
In base 16, what is -2659e + -3?
-265a1
In base 7, what is 13613 - 450?
13133
In base 14, what is 4 + a039?
a03d
In base 4, what is 3 - -111110301?
111110310
In base 16, what is -adc + -11?
-aed
In base 15, what is 3 - 357a9?
-357a6
In base 13, what is 438390 + 3?
438393
In base 16, what is -34458 - 0?
-34458
In base 11, what is 1a2 + -a0a?
-818
In base 14, what is -33a - a9?
-405
In base 7, what is 53 + 142?
225
In base 8, what is 1072 - 450?
422
In base 2, what is -11 - -110001010100001101101?
110001010100001101010
In base 5, what is 10 + 1120420?
1120430
In base 15, what is -a908 - 1?
-a909
In base 13, what is -4 - 208b5?
-208b9
In base 6, what is 402 + -12054?
-11252
In base 11, what is 53a21 + 6?
53a27
In base 12, what is 46 - 676?
-630
In base 4, what is -110210 + -3?
-110213
In base 9, what is -16 + 126241?
126224
In base 5, what is -10 - -202131234?
202131224
In base 5, what is 13200 - 1014?
12131
In base 15, what is 2 + 29adc?
29ade
In base 8, what is -1 + 2237020?
2237017
In base 14, what is 2 + 7443?
7445
In base 7, what is 2232 + -6?
2223
In base 8, what is -2217 + -3207?
-5426
In base 4, what is -2311012 - -110?
-2310302
In base 9, what is -161 - -1872?
1711
In base 5, what is 213 + 1?
214
In base 13, what is 109a + -327?
a73
In base 7, what is -363 - 1245?
-1641
In base 12, what is -1a - -45a1?
4583
In base 2, what is 1 + 10000000010111111100?
10000000010111111101
In base 6, what is 15024302 + -3?
15024255
In base 3, what is 111 - 1011012?
-1010201
In base 16, what is 2 + 5138?
513a
In base 11, what is 19 - -14a057?
14a075
In base 14, what is 3 + 1bc?
1c1
In base 9, what is -142731 - -3?
-142727
In base 10, what is -645930 - -1?
-645929
In base 16, what is -1 + 552?
551
In base 13, what is 132b5 + 15?
132ca
In base 4, what is 11 - 21200012?
-21200001
In base 15, what is 1aa - 286?
-cb
In base 5, what is 24 - 4444?
-4420
In base 5, what is 204 - -22043?
22302
In base 3, what is 101202 - -2?
101211
In base 6, what is 315533 + -32?
315501
In base 6, what is 12 - 43341?
-43325
In base 13, what is a2621 + 4?
a2625
In base 7, what is -631 + 256?
-342
In base 16, what is -1f7 + -290?
-487
In base 3, what is -1 - 20011111?
-20011112
In base 5, what is 102 + -12324?
-12222
In base 14, what is 2d7704 + -1?
2d7703
In base 16, what is 242b + 0?
242b
In base 8, what is -301 - 4703?
-5204
In base 7, what is 3 + 434205?
434211
In base 11, what is -1 + -32115?
-32116
In base 10, what is 37351 + 8?
37359
In base 16, what is a5134 - -2?
a5136
In base 2, what is -1001101 - 1011010000?
-1100011101
In base 15, what is 1 + 24a8?
24a9
In base 15, what is 68 + 7ac?
825
In base 7, what is -25523226 + 3?
-25523223
In base 6, what is 11 - 30544?
-30533
In base 9, what is -204020 + 40?
-203870
In base 9, what is -2452 + 575?
-1766
In base 11, what is -3a439 + 3?
-3a436
In base 5, what is 2 - -312231?
312233
In base 8, what is 133275 - 4?
133271
In base 12, what is 9aa36 - -a?
9aa44
In base 11, what is -3 - 523168?
-523170
In base 12, what is -5 - -1918?
1913
In base 12, what is b8 + 773?
86b
In base 2, what is 100000011001101 + 100?
100000011010001
In base 2, what is -1 - -11011100000111010?
11011100000111001
In base 13, what is -9 - -2293c7?
2293bb
In base 11, what is -214 + -72?
-286
In base 15, what is 658b4 + 9?
658bd
In base 2, what is -100111101100100 - 0?
-100111101100100
In base 6, what is -2 + -2232514?
-2232520
In base 15, what is 3 - 297a?
-2977
In base 16, what is 2b + 4ab?
4d6
In base 15, what is 1 + -2761b?
-2761a
In base 12, what is 4560 + -2?
455a
In base 15, what is 3e1d5 - -27?
3e20c
In base 7, what is -3124546 + 1?
-3124545
In base 12, what is -626 + 172?
-474
In base 13, what is -5 + 1a551?
1a549
In base 14, what is 96463 + 2?
96465
In base 8, what is 1 + 2024364?
2024365
In base 12, what is -1 + -40?
-41
In base 9, what is 43 + 5134?
5177
In base 2, what is -100 + 1100110100001?
1100110011101
In base 16, what is d - 11b4?
-11a7
In base 13, what is 89951 + -1?
89950
In base 13, what is 5b36a6 - -4?
5b36aa
In base 11, what is 0 - -1840?
1840
In base 14, what is -187 + 4c7?
340
In base 7, what is -6 - 30512?
-30521
In base 6, what is -103240 + -131?
-103411
In base 2, what is 11000001010010 - 10?
11000001010000
In base 15, what is 3 - -33a4?
33a7
In base 14, what is 2 - -7d15?
7d17
In base 7, what is -114354 - 0?
-114354
In base 4, what is 230 + -30213?
-23323
In base 9, what is 121527 - -3?
121531
In base 10, what is 2 - -15675?
15677
In base 6, what is -5 - 5100013?
-5100022
In base 13, what is 116857 - 0?
116857
In base 4, what is 2132122 + 1220?
2200002
In base 16, what is 554 + 40?
594
In base 9, what is 71 + -1585?
-1514
In base 10, what is -2 - 333498?
-333500
In base 9, what is -11268 - 5?
-11274
In base 8, what is -6006171 + 0?
-6006171
In base 5, what is 2142 - 12410?
-10213
In base 12, what is 5024a - -3?
50251
In base 2, what is 11000011 + -11010010100?
-10111010001
In base 10, what is 1 + 767230?
767231
In base 11, what is -24517 + 35?
-24492
In base 4, what is -3013100003 + -2?
-3013100011
In base 16, what is 4 - -1e369?
1e36d
In base 3, what is -112012200212 + -12?
-112012201001
In base 16, what is -1 - -1bd1?
1bd0
In base 6, what is 1450 - -114?
2004
In base 10, what is -15686 - -6?
-15680
In base 5, what is -2 + 2420210?
2420203
In base 6, what is -100233500 - -5?
-100233451
In base 14, what is ba + 22?
dc
In base 10, what is -4 + 8751?
8747
In base 9, what is -2 + -7286?
-7288
In base 16, what is 81f6 - 5?
81f1
In base 8, what is -161 + 16605?
16424
In base 3, what is -200011010 - -21?
-200010212
In base 11, what is 5 - 368706?
-368701
In base 12, what is -2 - -b15a?
b158
In base 8, what is -65376 - 4?
-65402
In base 10, what is -5 - -5798?
5793
In base 9, what is -2765 + -107?
-2873
In base 12, what is -5 - -1324b?
13246
In base 15, what is 1764 + 45?
17a9
In base 6, what is -12 - -1144?
1132
In base 2, what is 10001110000011 + 100?
10001110000111
In base 3, what is -100121022 + -1112?
-100122211
In base 6, what is 415 - 3325?
-2510
In base 5, what is 2013441 + 200?
2014141
In base 11, what is 5 - -a839?
a843
In base 3, what is 2022001202 + -11?
2022001121
In base 2, what is -1010010000101 + 101?
-1010010000000
In base 12, what is -4 - 1baa38?
-1baa40
In base 14, what is -15276 - -1?
-15275
In base 2, what is 1100001 - 1001111011110?
-1001101111101
In base 14, what is 5 - -2555?
255a
In base 11, what is -4 - 19675?
-19679
In base 5, what is -230 - -12420?
12140
In base 15, what is -32 - -4a4d?
4a1b
In base 5, what is -23243311 - -1?
-23243310
In base 16, what is -29a2 + 1cb?
-27d7
In base 2, what is 111110001100101111110 - -1?
111110001100101111111
In base 12, what is 7 + -43012?
-43007
In base 4, what is -103020 + -13320?
-123000
In base 14, what is -dd + -10a?
-209
In base 8, what is 32645 - -11?
32656
In base 15, what is -3 + b300?
b2ec
In base 7, what is -3 - -3401?
3365
In base 9, what is 3 - -610516?
610520
In base 4, what is -10321221 - 0?
-10321221
In base 3, what is 1201012201102 + -2?
1201012201100
In base 8, what is 11 - 67361?
-67350
In base 14, what is 3 + -40?
-3b
In ba